+ 42. Calculate the greatest common factor of s and 33.
11
Let y = 55 - 31. Suppose 5*h = 5, -2*o = -0*o + 2*h - y. Let x(q) = -498*q + 4493. Let f be x(9). What is the greatest common divisor of f and o?
11
Suppose -267*l + 250*l = -102272. Calculate the highest common factor of 47 and l.
47
Suppose 3*u = 11 + 1. Let f be (-1 + (-3)/15)/(u/(-10)). Suppose 3*h + f*i - 165 = -i, 0 = -3*h - 2*i + 165. Calculate the greatest common divisor of 5 and h.
5
Suppose 9180 = 4*p + 32*p. Suppose 257*d - p*d - 122 = 0. What is the greatest common divisor of d and 61?
61
Let o be 19/5 - -1 - 1/(-5). Let g(t) = o - 4*t + 2*t**2 + 11*t - 1 - 3*t**2. Let n be g(4). What is the highest common factor of 40 and n?
8
Suppose -3*w - 1 = -4. Let r = -43 - -52. Calculate the greatest common factor of w and r.
1
Let h = -3715 + 3727. Calculate the highest common divisor of h and 183.
3
Let v = -101 + 281. Let y(c) = -12*c**2 + 72*c - 6. Let w be y(4). Calculate the highest common factor of v and w.
90
Let u(p) = -p - 11. Let g be u(-5). Let j be (4/g)/((-18)/81). Suppose 0 = j*l + l - 36. What is the greatest common divisor of l and 9?
9
Let z = -15 - 44. Let d = 79 + z. Let t(m) = -m**2 + 19*m - 3. Let s be t(18). Calculate the highest common factor of s and d.
5
Let l(d) = -146*d - 2571. Let t be l(-28). What is the greatest common divisor of t and 82?
41
Let r(m) = -m**3 - 84*m**2 + 352*m + 5. Let t be r(-88). What is the highest common factor of 1315 and t?
5
Suppose 164 = -2*o + 6*o. Suppose -3*w - i = 2*i - 69, -3*i = -3*w + 45. Let z be (-2 - -330)*w/19. What is the greatest common factor of z and o?
41
Suppose 0 = -223*s + 191*s + 28800. What is the greatest common factor of 684 and s?
36
Let y(s) = -s**3 - 3*s**2 + s - 3. Let a be y(-4). Suppose -c = -4*c + a, -4*c = -2*g + 692. Let r = 27 - -5. What is the greatest common factor of r and g?
32
Let a = -417 + 1281. Suppose -a = 128*i - 146*i. Calculate the highest common factor of i and 112.
16
Let s be 4 + 4 + -3 + 18. Let w(f) = 4*f**2 + 29*f + 51. Let t be w(-10). What is the highest common divisor of s and t?
23
Let o be (-1 - -8) + 40/(-32)*-868. What is the highest common divisor of 26 and o?
26
Let k be -10*(-6)/12*2. What is the highest common factor of k and 6990?
10
Let w = 1300 + -1203. Calculate the highest common divisor of 4559 and w.
97
Let j(z) = 33*z + 266. Let h be j(-8). Let s be -5*(1701/(-245) - h/(-14)). Let c be (-1)/(1*(-2)/612). What is the highest common divisor of s and c?
34
Suppose 0 = g - 1. Suppose -4*t - 4*k = -28, -5*t + 13*k - 8*k + 5 = 0. Suppose -t*u = -g - 39. What is the highest common divisor of 50 and u?
10
Let a = 278 - 251. Let x be 6/a - (-3839)/99. Calculate the greatest common divisor of 273 and x.
39
Let z(n) = -n**2 + 5*n + 27. Let u be z(8). Suppose -u*l + 4090 = 4*f, 4*f = -11*l + 6*l + 4086. What is the greatest common factor of 16 and f?
16
Let p be 0/(-5) - 2*-2. Let w = p + 1. Suppose -w*y + 3*y - 2 = 0, 3*y = -2*s + 17. Calculate the highest common divisor of 10 and s.
10
Suppose 5545*h + 2394 = 5587*h. Calculate the highest common divisor of 14497 and h.
19
Let m(w) = w**3 + 13*w**2 + 33*w + 1. Let h be m(-9). Suppose 4*k - 5*k = -7*k. Let y = 4 + k. Calculate the greatest common divisor of y and h.
4
Suppose 15 = f + 5*g, -2*g + 36 = 4*f + 12. Suppose 4*v = 3*j - 238, 4*j - 468 = -f*v - 130. Let y = 91 - j. Calculate the highest common divisor of 9 and y.
9
Let c = -62 - -55. Let n = c - -21. Suppose n*x - 75 = 205. Calculate the highest common divisor of 4 and x.
4
Suppose 3*j = 53*j - 7442 - 11258. What is the highest common divisor of 1012 and j?
22
Suppose -172*o + 178*o = 6, 0 = -n - 2*o + 379. What is the greatest common divisor of 261 and n?
29
Let x(n) = 2605*n - 1221. Let l be x(1). What is the greatest common divisor of l and 2941?
173
Let w be 35 + (-8)/((-40)/(-45)). Suppose w = h + 2*f - 4*f, -2*h = -3*f - 54. Calculate the greatest common factor of h and 120.
30
Suppose 0 = w + w - 32. Let x be (-2674678)/(-60825) + 2/75. Calculate the greatest common divisor of w and x.
4
Let a be (2 + (-207)/(-6))*2. Suppose 237 = 3*l - i, a - 381 = -4*l + 4*i. Let n = -838 - -848. Calculate the greatest common factor of l and n.
10
Let b(o) = -208*o - 365. Let i be b(-2). What is the greatest common factor of i and 272?
17
Let z = -4758 + 14059. What is the highest common factor of z and 917?
131
Let g be (5*11/55)/((-1)/3). Let x(l) = -9*l + 42. Let w be x(g). What is the greatest common divisor of w and 483?
69
Let g be 6/(24/(-28)) + 25. Let n(v) = -10*v**3 - 2*v**2 + 2*v + 3. Let r be n(-1). What is the highest common factor of r and g?
9
Let c be -2*(-4)/(-8)*0. Suppose -39*a = 18*a - 171. Suppose 4*f - 3*f - a*l - 157 = c, -3*l = -3. What is the highest common factor of f and 40?
40
Suppose -121*b = -54*b - 268. Suppose 428 + 312 = 5*a. Calculate the greatest common factor of b and a.
4
Let c(y) be the third derivative of y**5/60 + y**4/8 + 43*y**3/6 + 19*y**2. Let v be c(0). Calculate the greatest common factor of 473 and v.
43
Suppose -8*x + 12*x - 33 = s, -5*x + 18*s - 76 = 0. Let c(a) = a**2 + 1. Let d be c(-3). Calculate the highest common divisor of x and d.
10
Let q(x) = x**3 - 24*x**2 + 107*x - 46. Let u be q(20). What is the highest common divisor of u and 190?
38
Let w(o) = -o**2 + o. Let z be w(1). Suppose -6*u - 8*u = -434. Suppose -4*a + u + 17 = z. Calculate the greatest common divisor of 108 and a.
12
Suppose -4*r - 3*l = l - 4720, 9*l = -2*r + 2360. Calculate the greatest common factor of 20 and r.
20
Let v be -7*(7 + -8) + -2. Suppose 5*l - 1280 = -v*j, 12*l = 8*l. What is the highest common factor of j and 32?
32
Suppose 38*k - 260 - 44 = 0. What is the highest common divisor of k and 2824?
8
Suppose k + 23*l - 27*l - 3328 = 0, -2*l + 9984 = 3*k. What is the greatest common factor of k and 52?
52
Let f(z) = -16*z - 22. Let h(d) = 9*d - 2*d + 15 + 4*d. Let b(g) = -5*f(g) - 8*h(g). Let q be b(-5). Calculate the greatest common divisor of 40 and q.
10
Let k(u) = -10*u - 267 + 471 - 284. Let v be k(-9). What is the greatest common divisor of v and 130?
10
Suppose 274*a = 134*a + 132*a + 4752. Suppose -r = 2*k - 6*k - 26, -5*k = 5. Calculate the highest common divisor of a and r.
22
Let q(u) = -5*u + 3*u - 4 + 25. Let f be q(11). Let w be 21*((f - -2) + 0). Calculate the highest common factor of 189 and w.
21
Let x be -9*3/2*56/126. Let z(k) = -4*k**2 - 56*k - 2. Let h be z(x). What is the greatest common factor of h and 10?
10
Suppose -15*g + 17*g + 2 = 2*s, 4*s + 3*g = -3. Let m be (s - -1616) + 1*(-12)/12. What is the highest common factor of m and 85?
85
Let v = 5434 + -3748. Suppose 0 = 4*i - 4*y - 3360, -2*i + 2*y + v = -2*y. Calculate the highest common divisor of 93 and i.
93
Let o(y) = -y**3 - 21*y**2 + 120*y - 1062. Let b be o(-27). What is the highest common factor of b and 15570?
18
Suppose -979*b - 372 = -8204. Let r(x) = x**2 + 4*x - 3. Suppose -2*c = 2, -l + 2*c = -0*l + 3. Let s be r(l). What is the greatest common divisor of b and s?
2
Let b = -56 + 241. Suppose 0 = 4*a + 129 - b. What is the highest common factor of 574 and a?
14
Suppose 5*u - 4*g = 57, -4*u - 3 + 45 = -2*g. Let a be 1/(21/u - 2). Let p be (15 - 21)*2/(-1). Calculate the greatest common factor of p and a.
3
Let d(t) = 23*t**2 - t. Let p be d(-1). Suppose 4*q = -3*g + 956, 5*g + 7*q = 6*q + 1565. Calculate the highest common divisor of p and g.
24
Let f(l) = 23*l - 1. Let d be f(1). Let t = -1744 + 1964. What is the highest common divisor of t and d?
22
Suppose -367*v + 592 = -364*v - 5*u, 0 = 5*v - 6*u - 1003. Calculate the greatest common divisor of 495 and v.
11
Suppose 4*l - x = x + 134, 3*x = -2*l + 79. Suppose -140 = -4*h + 2*f, 5*f + 60 + 10 = 2*h. Calculate the greatest common divisor of h and l.
35
Suppose -112 = k - 3*w - 124, 2*k = w + 14. Let j = 8 + 7. What is the highest common divisor of j and k?
3
Let z = 127 - 45. What is the highest common factor of z and 27101?
41
Suppose 4*p = -4*c + 16, 0*p = 2*c + 3*p - 13. Let t be 2/(c - (-5 - -2)). Let h be (0/(-5) - -3) + -1. Calculate the greatest common divisor of t and h.
1
Let i = -136 - -209. Let x be (4/(-3))/(-1 - (-5895)/5913). Calculate the greatest common divisor of i and x.
73